ed by 8.
6
Suppose -41 = 30*n - 31*n. Calculate the remainder when 285 is divided by n.
39
Let u = 78 - 55. What is the remainder when u is divided by 6?
5
Suppose -25 = -3*c + 5*i, -2*c - 15 = 2*i + i. Suppose c*w + 24 = 3*w. What is the remainder when w is divided by 5?
3
Suppose k = 2*k - 1594. Calculate the remainder when k/30 + 10/(-75) is divided by 14.
11
Suppose -183 + 459 = -4*z. Let r = z + 99. Let n(p) = 2*p**2 + 4*p + 2. Calculate the remainder when r is divided by n(-3).
6
Let f = 11 + -5. Let d = -52 + 69. Calculate the remainder when d is divided by f.
5
Let t be (-1)/(-2) - (-9)/2. Suppose -51 = -t*s - 1. Suppose -31 - 26 = -3*i. What is the remainder when i is divided by s?
9
Let j(l) = -3*l - 15. Calculate the remainder when 33 is divided by j(-11).
15
Let t(j) = 2*j**2 + 6*j + 1. Let i be t(-4). Suppose 29 = 2*r - i. Suppose -3*s - 55 = -4*s. What is the remainder when s is divided by r?
17
Let w = 33 - 15. Let c(b) = b + 11. What is the remainder when c(0) is divided by 9/(-3 + w/4)?
5
Let z be (-22)/4*6/(-1). Suppose -2*l + z = l. Calculate the remainder when 18 is divided by l.
7
Let c be (2 + -1)/((-7)/(-21)). What is the remainder when c/2 + (-102)/(-4) is divided by 7?
6
Let z = 39 - 21. What is the remainder when z is divided by 7?
4
Suppose 7*x + 5 = 2*x. Let t = x + 6. What is the remainder when t is divided by 2?
1
Let d = -22 + 52. Let y(z) = 2*z**2 + z - 2. What is the remainder when d is divided by y(2)?
6
Calculate the remainder when 46 is divided by ((-6)/15)/((-4)/120).
10
Suppose -3*f + 6 = -2*f. Let v = f - 1. Let k(n) = 2*n - 3. What is the remainder when v is divided by k(3)?
2
Let r = 11 + -8. Suppose -17 - r = -2*n. What is the remainder when 28 is divided by n?
8
Suppose 53 = 4*z + 5. Suppose z = -7*g + 4*g. What is the remainder when 11 is divided by 5 - 1*(3 + g)?
5
Suppose 8*m = 4*m - 76. Let g = -9 - m. Calculate the remainder when 28 is divided by g.
8
What is the remainder when 4 - (-8 - (2 + -3)) is divided by 4?
3
Let z = 58 - 31. Suppose 2*v - 61 = z. What is the remainder when v is divided by 23?
21
What is the remainder when (-23)/(-3) - 3/(-9) is divided by 5?
3
Suppose 26 = -2*u - 28. Let z = u + 52. What is the remainder when z is divided by 9?
7
Suppose -3*w + 6*w = -q + 8, -12 = 2*w + 5*q. Let m = -85 + 51. Calculate the remainder when (-1 - m)*3/9 is divided by w.
3
Let u be (-26)/(-117) + (-32)/(-18). Suppose -u*v = -3*x + 147, 5*x = 2*x - 2*v + 147. What is the remainder when x is divided by 13?
10
Let u(h) = -3*h + 30. Calculate the remainder when 32 is divided by u(7).
5
Let w(x) = 2*x**2 + x - 2. Suppose -m - 2*m = 6. Let i be w(m). What is the remainder when -2 + i - 1 - -1 is divided by 2?
0
Suppose 5*h = s + 3*s + 70, -20 = -h + 2*s. Suppose l = -5*m + 4 + h, m = 0. Calculate the remainder when l is divided by 5.
4
Suppose 2*v - 1 = 25. Calculate the remainder when 34 is divided by v.
8
Let j(r) = 15*r - 12. Let p be j(-6). Calculate the remainder when (-2)/(-2 + (-200)/p) is divided by 27.
24
Suppose -4*l - 5*k = -59, l - 5*k = 3*l - 27. Let g = 4 + 0. Suppose 230 = 5*p + g*t, 5*p + 3*t - 2*t - 230 = 0. Calculate the remainder when p is divided by l.
14
Let f(o) = -21*o - 5. What is the remainder when f(-2) is divided by 13?
11
Let g(t) = -3*t - 3. Let b be g(-2). Suppose -5*o + 15 = b*v, -5*o + o + 18 = 3*v. Let r(h) = 24*h - 5. What is the remainder when r(1) is divided by v?
9
Let b = -18 - -37. Let p = b + -10. Let f = 3 + 2. What is the remainder when p is divided by f?
4
Let q(w) = -w**3 - 4*w**2 - w + 2. Let a = 10 + -7. Suppose 51 + 0 = a*x. Calculate the remainder when x is divided by q(-4).
5
Suppose -2*i + 10 = -4. What is the remainder when 25 is divided by i?
4
Let o(v) = v**2 - 6*v + 5. Let r be o(5). What is the remainder when 1/(-1) + (-42)/(-3) is divided by 5/(r + (-1)/(-1))?
3
Let z(l) = -3*l + 6. Calculate the remainder when 106 is divided by z(-7).
25
Let f(n) = -n**3 - n**2 - n. Let b be f(0). Suppose -2*k - 2*w - 1 - 3 = b, 3*w = 2*k + 24. Calculate the remainder when (3/k)/(-1)*28 is divided by 8.
6
Let d = -587 + 371. Let n be (-6)/15 + d/(-15). Let p = n - -18. Calculate the remainder when p is divided by 11.
10
Let b(c) = c + 3. Let u be b(0). Suppose u*n - 2*n = 2. Calculate the remainder when 2 is divided by n.
0
What is the remainder when 117 is divided by 21/(-1)*(-190)/133?
27
Suppose 5*k - 3*d - 45 = 0, -2*k - 2*d + 17 = -3*d. Suppose -3*q = -5*q + 32. Calculate the remainder when q is divided by k.
4
Suppose 35 = -5*j + 10*j. Calculate the remainder when j is divided by 5.
2
Let y = 39 + -20. Let h be (-19)/(-5) + 3/15. Suppose m + 31 = h*a, 5*a - 4*m - 47 = -0*a. What is the remainder when y is divided by a?
5
Let a(p) = 4*p**3 + 2*p + 4. Let n be a(-3). Let b be n/(-8) - (-3)/12. What is the remainder when (6/(-7))/((-1)/b) is divided by 7?
5
Suppose 5*b + 59 = 6*b. What is the remainder when b is divided by 12?
11
Suppose -6*x + 8*x - 18 = 0. Calculate the remainder when x is divided by 4.
1
Suppose -2*m + 9 + 3 = 3*t, 0 = -3*t - 4*m + 12. Suppose v - 6 = -4*f + 3*f, 9 = -2*f + 5*v. Calculate the remainder when t is divided by f.
1
Let r(w) = -w. Let a be r(-1). What is the remainder when -5 + 2/a - -13 is divided by 3?
1
Suppose -j + 0*j + 1 = 0. What is the remainder when 37 is divided by 23 - 3 - (1 - j)?
17
Let x(t) = -t**2 + 5*t + 3. Let u = 16 - 8. Let o = -4 + u. Calculate the remainder when o is divided by x(5).
1
Let t(f) = 2*f**2 + 6*f + 13. Let b be t(-7). Suppose b = 5*h - 2*h. What is the remainder when 66 is divided by h?
20
Let l = -4 - -9. Suppose 6*t = l*t + 7. What is the remainder when 12 is divided by t?
5
Let v(r) = -3*r + r**2 + 4*r - 1 + 3. Calculate the remainder when 42 is divided by v(-5).
20
Let o = 9 + -2. Let c be (2/(-5))/(1/5). What is the remainder when (-4)/c - (-25 + 0) is divided by o?
6
Let t be (-86 + -1)*5/(-15). Let x = t - -17. Calculate the remainder when x is divided by 24.
22
Let i(l) = l**3 + 5*l**2 + 4*l. Let v be i(-4). Suppose v = -b - 0*b + 15. Calculate the remainder when 27 is divided by b.
12
Let y = -7 - -8. Let j(a) = -4 + 1 - 2*a - y + 5*a. What is the remainder when j(3) is divided by 2?
1
Suppose -3*t = -0*t - 45. Suppose -4*l + l + t = 0. Calculate the remainder when 14 is divided by l.
4
Let d(y) = 4*y - 49. What is the remainder when d(25) is divided by 15?
6
Let r(i) = 2*i**3 + 2*i**2 - 2*i. Calculate the remainder when 97 is divided by r(2).
17
Suppose 3*f = 2*f + 8. Suppose w - 5*q = -0*w - f, 4*q = -3*w + 71. Calculate the remainder when 49 is divided by 2/(-6)*-3*w.
15
Suppose 18 = n + k - 3*k, 0 = -n - 3*k + 3. Suppose 0 = -4*l - l + 20. Suppose 84 + 8 = l*x. What is the remainder when x is divided by n?
11
Let k(g) = -g**2 - 5*g - 4. Suppose -4*j + 16 = -8*j. Let x be k(j). Suppose x = -2*l + 36 + 40. What is the remainder when l is divided by 13?
12
Let b(o) = o**3 - 6*o**2 + o. Let w be b(6). Calculate the remainder when (-2)/(-4) + 111/w is divided by 7.
5
Suppose 0*v = 5*v - 85. Suppose 5*r - 373 = -u - 42, -r + 62 = -4*u. Calculate the remainder when r is divided by v.
15
Let i(l) = l. Let x be i(3). Let j be 1 - x - (11 - 1). What is the remainder when 31 is divided by (22/8)/((-3)/j)?
9
Suppose -276 = -7*l + 3*l. Let z = 13 + l. What is the remainder when z is divided by 17?
14
Suppose 5 = t + s, 6*s - 8 = 2*s. What is the remainder when t is divided by 1?
0
Calculate the remainder when 1/(-4)*-4 + 85 is divided by 11.
9
Suppose 4*h = -0*h + 16. Calculate the remainder when ((-56)/(-20))/(-3*3/(-45)) is divided by h.
2
Let x = 83 - 72. What is the remainder when 20 is divided by x?
9
Suppose 3 = -3*z + d + 11, 0 = z - 2*d - 1. Suppose -3*v - 60 + 168 = -z*j, 0 = 3*v - 5*j - 114. Calculate the remainder when v is divided by 17.
16
Suppose 4*t - 2*q = 18, -3 - 4 = -2*t + 3*q. Calculate the remainder when t is divided by 4.
1
Let x(b) = -7*b + 8 + 4*b + 7*b**2 - 4*b + b**3. What is the remainder when x(-7) is divided by 20?
17
What is the remainder when 59 is divided by (-2 - -16) + -2 + -3 + 3?
11
Suppose 3*n + 6 = 93. Calculate the remainder when n is divided by 15.
14
Let d(m) = -5*m**2 - 6 - m**3 + 2*m**2 + 2 + 2*m**2. What is the remainder when d(-4) is divided 